{"id":59,"date":"2025-04-05T22:48:01","date_gmt":"2025-04-05T22:48:01","guid":{"rendered":"https:\/\/portaljandira.com.br\/works\/vagas-disponiveis\/"},"modified":"2025-04-05T22:48:01","modified_gmt":"2025-04-05T22:48:01","slug":"vagas-disponiveis","status":"publish","type":"page","link":"https:\/\/portaljandira.com.br\/works\/vagas-disponiveis\/","title":{"rendered":"Vagas Dispon\u00edveis"},"content":{"rendered":"<div class=\"job_listings\" data-location=\"\" data-keywords=\"\" data-show_filters=\"true\" data-show_pagination=\"false\" data-per_page=\"10\" data-orderby=\"featured\" data-order=\"DESC\" data-categories=\"\" data-disable-form-state-storage=\"\" data-featured_first=\"false\" data-post_id=\"59\" >\n<form class=\"job_filters\">\n\t\n\t<div class=\"search_jobs\">\n\t\t\n\t\t<div class=\"search_keywords\">\n\t\t\t<label for=\"search_keywords\">Palavras-chave<\/label>\n\t\t\t<input type=\"text\" name=\"search_keywords\" id=\"search_keywords\" placeholder=\"Palavras-chave\" value=\"\" \/>\n\t\t<\/div>\n\n\t\t<div class=\"search_location\">\n\t\t\t<label for=\"search_location\">Localiza\u00e7\u00e3o<\/label>\n\t\t\t<input type=\"text\" name=\"search_location\" id=\"search_location\" placeholder=\"Localiza\u00e7\u00e3o\" value=\"\" \/>\n\t\t<\/div>\n\n\t\t\t\t\t<div class=\"search_remote_position\">\n\t\t\t\t<input type=\"checkbox\" class=\"input-checkbox\" name=\"remote_position\" id=\"remote_position\" placeholder=\"Localiza\u00e7\u00e3o\" value=\"1\"  \/>\n\t\t\t\t<label for=\"remote_position\" id=\"remote_position_label\">Apenas posi\u00e7\u00f5es remotas<\/label>\n\t\t\t<\/div>\n\t\t\n\t\t<div style=\"clear: both\"><\/div>\n\n\t\t\n\t\t\t\t\t<div class=\"search_submit\">\n\t\t\t\t<input type=\"submit\" value=\"Pesquisar an\u00fancios\">\n\t\t\t<\/div>\n\t\t\n\t\t\t<\/div>\n\n\t\t<ul class=\"job_types\">\n\t\t\t\t\t<li><label for=\"job_type_diarista\" class=\"diarista\"><input type=\"checkbox\" name=\"filter_job_type[]\" value=\"diarista\"  checked='checked' id=\"job_type_diarista\" \/> Diarista<\/label><\/li>\n\t\t\t\t\t<li><label for=\"job_type_estagio\" class=\"estagio\"><input type=\"checkbox\" name=\"filter_job_type[]\" value=\"estagio\"  checked='checked' id=\"job_type_estagio\" \/> Est\u00e1gio<\/label><\/li>\n\t\t\t\t\t<li><label for=\"job_type_freelance\" class=\"freelance\"><input type=\"checkbox\" name=\"filter_job_type[]\" value=\"freelance\"  checked='checked' id=\"job_type_freelance\" \/> Freelance<\/label><\/li>\n\t\t\t\t\t<li><label for=\"job_type_full-time\" class=\"full-time\"><input type=\"checkbox\" name=\"filter_job_type[]\" value=\"full-time\"  checked='checked' id=\"job_type_full-time\" \/> Full Time<\/label><\/li>\n\t\t\t\t\t<li><label for=\"job_type_hibrido\" class=\"hibrido\"><input type=\"checkbox\" name=\"filter_job_type[]\" value=\"hibrido\"  checked='checked' id=\"job_type_hibrido\" \/> H\u00edbrido<\/label><\/li>\n\t\t\t\t\t<li><label for=\"job_type_home-office\" class=\"home-office\"><input type=\"checkbox\" name=\"filter_job_type[]\" value=\"home-office\"  checked='checked' id=\"job_type_home-office\" \/> Home Office<\/label><\/li>\n\t\t\t\t\t<li><label for=\"job_type_pro-bono\" class=\"pro-bono\"><input type=\"checkbox\" name=\"filter_job_type[]\" value=\"pro-bono\"  checked='checked' id=\"job_type_pro-bono\" \/> Pro bono<\/label><\/li>\n\t\t\t\t\t<li><label for=\"job_type_part-time\" class=\"tempo-parcial-meio-periodo\"><input type=\"checkbox\" name=\"filter_job_type[]\" value=\"part-time\"  checked='checked' id=\"job_type_part-time\" \/> Tempo Parcial - Meio Per\u00edodo<\/label><\/li>\n\t\t\t\t\t<li><label for=\"job_type_temporario\" class=\"temporario\"><input type=\"checkbox\" name=\"filter_job_type[]\" value=\"temporario\"  checked='checked' id=\"job_type_temporario\" \/> Tempor\u00e1rio<\/label><\/li>\n\t\t\t\t\t<li><label for=\"job_type_voluntarios\" class=\"voluntario\"><input type=\"checkbox\" name=\"filter_job_type[]\" value=\"voluntarios\"  checked='checked' id=\"job_type_voluntarios\" \/> Volunt\u00e1rio<\/label><\/li>\n\t\t\t<\/ul>\n\t<input type=\"hidden\" name=\"filter_job_type[]\" value=\"\" \/>\n<div class=\"showing_jobs\"><\/div><\/form>\n\n\n<noscript>O seu navegador n\u00e3o suporta Javascript ou o recurso encontra-se desactivado. Javascript deve estar activado para exibi\u00e7\u00e3o de vagas.<\/noscript>\n<ul class=\"job_listings\">\n<\/ul>\n<a class=\"load_more_jobs\" href=\"#\" style=\"display:none;\"><strong>Carregar mais vagas<\/strong><\/a><\/div>\n","protected":false},"excerpt":{"rendered":"","protected":false},"author":1,"featured_media":0,"parent":0,"menu_order":0,"comment_status":"closed","ping_status":"closed","template":"","meta":{"footnotes":""},"class_list":["post-59","page","type-page","status-publish","hentry"],"_links":{"self":[{"href":"https:\/\/portaljandira.com.br\/works\/wp-json\/wp\/v2\/pages\/59","targetHints":{"allow":["GET"]}}],"collection":[{"href":"https:\/\/portaljandira.com.br\/works\/wp-json\/wp\/v2\/pages"}],"about":[{"href":"https:\/\/portaljandira.com.br\/works\/wp-json\/wp\/v2\/types\/page"}],"author":[{"embeddable":true,"href":"https:\/\/portaljandira.com.br\/works\/wp-json\/wp\/v2\/users\/1"}],"replies":[{"embeddable":true,"href":"https:\/\/portaljandira.com.br\/works\/wp-json\/wp\/v2\/comments?post=59"}],"version-history":[{"count":0,"href":"https:\/\/portaljandira.com.br\/works\/wp-json\/wp\/v2\/pages\/59\/revisions"}],"wp:attachment":[{"href":"https:\/\/portaljandira.com.br\/works\/wp-json\/wp\/v2\/media?parent=59"}],"curies":[{"name":"wp","href":"https:\/\/api.w.org\/{rel}","templated":true}]}}