{"id":133,"date":"2025-07-22T20:46:17","date_gmt":"2025-07-22T20:46:17","guid":{"rendered":"https:\/\/portaljandira.com.br\/works\/?page_id=133"},"modified":"2025-10-06T16:40:43","modified_gmt":"2025-10-06T19:40:43","slug":"cadastro-de-empresas","status":"publish","type":"page","link":"https:\/\/portaljandira.com.br\/works\/cadastro-de-empresas\/","title":{"rendered":"Cadastro de empresas"},"content":{"rendered":"\n<p>Sua empresa pode divulgar vagas em nossa portal, basta nos enviar os dados abaixo e retornaremos com os dados para acesso.<\/p>\n\n\n\n<p><strong>O Acesso ao portal para todos neste momento \u00e9 gratuito.<\/strong><\/p>\n\n\n\n<p>Mas voc\u00ea pode colaborar com o editor deste portal, afim de manter o servi\u00e7o funcionando e ativo, atrav\u00e9s de algumas formas:<\/p>\n\n\n\n<p><strong>Empresas<\/strong><\/p>\n\n\n\n<p>1- Divulgando e administrando suas vagas<\/p>\n\n\n\n<p>2- Espalhando a not\u00edcias a pessoas de interesse.<\/p>\n\n\n\n<p>3- Ajudando com um pix para Email: midiaoestenews@gmail.com<\/p>\n\n\n\n<p>Formul\u00e1rio para o banco de vagas do Portal Jandira.<\/p>\n\n\n\n<p><\/p>\n\n\n\n<ul class=\"wp-block-list\">\n<li>Cadastro sujeito a aprova\u00e7\u00e3o, mediante preencimento correto dos dados.<\/li>\n<\/ul>\n\n\n\n<div class=\"wp-block-contact-form-7-contact-form-selector\">\n<div class=\"wpcf7 no-js\" id=\"wpcf7-f128-o1\" lang=\"pt-PT\" dir=\"ltr\" data-wpcf7-id=\"128\">\n<div class=\"screen-reader-response\"><p role=\"status\" aria-live=\"polite\" aria-atomic=\"true\"><\/p> <ul><\/ul><\/div>\n<form action=\"\/works\/wp-json\/wp\/v2\/pages\/133#wpcf7-f128-o1\" method=\"post\" class=\"wpcf7-form init\" aria-label=\"Formul\u00e1rio de contacto\" novalidate=\"novalidate\" data-status=\"init\">\n<fieldset class=\"hidden-fields-container\"><input type=\"hidden\" name=\"_wpcf7\" value=\"128\" \/><input type=\"hidden\" name=\"_wpcf7_version\" value=\"6.1.2\" \/><input type=\"hidden\" name=\"_wpcf7_locale\" value=\"pt_PT\" \/><input type=\"hidden\" name=\"_wpcf7_unit_tag\" value=\"wpcf7-f128-o1\" \/><input type=\"hidden\" name=\"_wpcf7_container_post\" value=\"0\" \/><input type=\"hidden\" name=\"_wpcf7_posted_data_hash\" value=\"\" \/>\n<\/fieldset>\n<p><label> O seu nome<br \/>\n<span class=\"wpcf7-form-control-wrap\" data-name=\"your-name\"><input size=\"40\" maxlength=\"400\" class=\"wpcf7-form-control wpcf7-text wpcf7-validates-as-required\" autocomplete=\"name\" aria-required=\"true\" aria-invalid=\"false\" value=\"\" type=\"text\" name=\"your-name\" \/><\/span> <\/label>\n<\/p>\n<p><label> Nome da sua empresa<br \/>\n<span class=\"wpcf7-form-control-wrap\" data-name=\"your-name-emp\"><input size=\"40\" maxlength=\"400\" class=\"wpcf7-form-control wpcf7-text wpcf7-validates-as-required\" autocomplete=\"name\" aria-required=\"true\" aria-invalid=\"false\" value=\"\" type=\"text\" name=\"your-name-emp\" \/><\/span> <\/label>\n<\/p>\n<p><label> Telefone de contato (uso do portal - n\u00e3o ser\u00e1 divulgado)<br \/>\n<span class=\"wpcf7-form-control-wrap\" data-name=\"tel-699\"><input size=\"40\" maxlength=\"400\" class=\"wpcf7-form-control wpcf7-tel wpcf7-validates-as-required wpcf7-text wpcf7-validates-as-tel\" aria-required=\"true\" aria-invalid=\"false\" value=\"\" type=\"tel\" name=\"tel-699\" \/><\/span> <\/label>\n<\/p>\n<p><label> O seu email<br \/>\n<span class=\"wpcf7-form-control-wrap\" data-name=\"your-email\"><input size=\"40\" maxlength=\"400\" class=\"wpcf7-form-control wpcf7-email wpcf7-validates-as-required wpcf7-text wpcf7-validates-as-email\" autocomplete=\"email\" aria-required=\"true\" aria-invalid=\"false\" value=\"\" type=\"email\" name=\"your-email\" \/><\/span> <\/label>\n<\/p>\n<p><label> Que tipo de neg\u00f3cio um empresa:<br \/>\n<span class=\"wpcf7-form-control-wrap\" data-name=\"Select-10\"><select class=\"wpcf7-form-control wpcf7-select\" aria-invalid=\"false\" name=\"Select-10\"><option value=\"Com\u00e9rcio\">Com\u00e9rcio<\/option><option value=\"Industria\">Industria<\/option><option value=\"Servi\u00e7os\">Servi\u00e7os<\/option><\/select><\/span><br \/>\n<\/label><label> Descreva um pouco da sua empresa (Onde esta localizada ? - Quantos Funcion\u00e1rios? )-(opcional)<br \/>\n<span class=\"wpcf7-form-control-wrap\" data-name=\"your-message\"><textarea cols=\"40\" rows=\"10\" maxlength=\"2000\" class=\"wpcf7-form-control wpcf7-textarea\" aria-invalid=\"false\" name=\"your-message\"><\/textarea><\/span> <\/label>\n<\/p>\n<p><input class=\"wpcf7-form-control wpcf7-submit has-spinner\" type=\"submit\" value=\"Submeter\" \/>\n<\/p><div class=\"wpcf7-response-output\" aria-hidden=\"true\"><\/div>\n<\/form>\n<\/div>\n<\/div>\n\n\n\n<p><\/p>\n","protected":false},"excerpt":{"rendered":"<p>Sua empresa pode divulgar vagas em nossa portal, basta nos enviar os dados abaixo e retornaremos com os dados para acesso. O Acesso ao portal para todos neste momento \u00e9 &#8230;<\/p>\n","protected":false},"author":1,"featured_media":0,"parent":0,"menu_order":0,"comment_status":"closed","ping_status":"closed","template":"","meta":{"footnotes":""},"class_list":["post-133","page","type-page","status-publish","hentry"],"_links":{"self":[{"href":"https:\/\/portaljandira.com.br\/works\/wp-json\/wp\/v2\/pages\/133","targetHints":{"allow":["GET"]}}],"collection":[{"href":"https:\/\/portaljandira.com.br\/works\/wp-json\/wp\/v2\/pages"}],"about":[{"href":"https:\/\/portaljandira.com.br\/works\/wp-json\/wp\/v2\/types\/page"}],"author":[{"embeddable":true,"href":"https:\/\/portaljandira.com.br\/works\/wp-json\/wp\/v2\/users\/1"}],"replies":[{"embeddable":true,"href":"https:\/\/portaljandira.com.br\/works\/wp-json\/wp\/v2\/comments?post=133"}],"version-history":[{"count":3,"href":"https:\/\/portaljandira.com.br\/works\/wp-json\/wp\/v2\/pages\/133\/revisions"}],"predecessor-version":[{"id":168,"href":"https:\/\/portaljandira.com.br\/works\/wp-json\/wp\/v2\/pages\/133\/revisions\/168"}],"wp:attachment":[{"href":"https:\/\/portaljandira.com.br\/works\/wp-json\/wp\/v2\/media?parent=133"}],"curies":[{"name":"wp","href":"https:\/\/api.w.org\/{rel}","templated":true}]}}