{"id":656,"date":"2017-05-01T13:34:21","date_gmt":"2017-05-01T13:34:21","guid":{"rendered":"http:\/\/www.portaljandira.com.br\/v3\/?page_id=656"},"modified":"2025-04-24T23:10:40","modified_gmt":"2025-04-25T02:10:40","slug":"quem-somos","status":"publish","type":"page","link":"https:\/\/portaljandira.com.br\/site\/quem-somos","title":{"rendered":"Quem Somos"},"content":{"rendered":"<h2>O Portal Jandira &#8211; O seu Portal de Not\u00edcias<\/h2>\n<p><strong>Conhe\u00e7a mais sobre n\u00f3s.<\/strong><\/p>\n<p>As melhores op\u00e7\u00f5es de divulga\u00e7\u00e3o da cidade e regi\u00e3o.<\/p>\n<p>Reunindo no portal as oportunidades para os clientes da cidade de Jandira e regi\u00e3o.<\/p>\n<p>A empresa desenvolve produtos ligados a produ\u00e7\u00e3o digital e meios de divulga\u00e7\u00e3o em massa.<\/p>\n<p>Somos uma empresa com ideias inovadores e clientes de destaque.<\/p>\n<p>Venha conhecer e participar de nosso sucesso , seja mais um cliente.<\/p>\n<p>Se voc\u00ea quer vender mais, n\u00f3s podemos te ajudar.<\/p>\n<p>Fundado em Novembro\/2018 pelo empres\u00e1rio, Produtor audiovisual, jornalista e editor Carlos Colli.<\/p>\n<p>&nbsp;<\/p>\n<p><strong>Equipe Portal Jandira.<\/strong><\/p>\n<p><b>Celular: (11) 4269-0715<\/b><\/p>\n<p><strong>Email: contato@portaljandira.com.br<\/strong><\/p>\n","protected":false},"excerpt":{"rendered":"<p>O Portal Jandira &#8211; O seu Portal de Not\u00edcias Conhe\u00e7a mais sobre n\u00f3s. As melhores op\u00e7\u00f5es de divulga\u00e7\u00e3o da cidade e regi\u00e3o. Reunindo no portal as oportunidades para os clientes da cidade de Jandira e regi\u00e3o. A empresa desenvolve produtos ligados a produ\u00e7\u00e3o digital e meios de divulga\u00e7\u00e3o em massa. Somos uma empresa com ideias [&hellip;]<\/p>\n","protected":false},"author":2,"featured_media":0,"parent":0,"menu_order":0,"comment_status":"closed","ping_status":"closed","template":"page-templates\/template-full-width.php","meta":{"footnotes":""},"class_list":["post-656","page","type-page","status-publish","hentry"],"_links":{"self":[{"href":"https:\/\/portaljandira.com.br\/site\/wp-json\/wp\/v2\/pages\/656","targetHints":{"allow":["GET"]}}],"collection":[{"href":"https:\/\/portaljandira.com.br\/site\/wp-json\/wp\/v2\/pages"}],"about":[{"href":"https:\/\/portaljandira.com.br\/site\/wp-json\/wp\/v2\/types\/page"}],"author":[{"embeddable":true,"href":"https:\/\/portaljandira.com.br\/site\/wp-json\/wp\/v2\/users\/2"}],"replies":[{"embeddable":true,"href":"https:\/\/portaljandira.com.br\/site\/wp-json\/wp\/v2\/comments?post=656"}],"version-history":[{"count":3,"href":"https:\/\/portaljandira.com.br\/site\/wp-json\/wp\/v2\/pages\/656\/revisions"}],"predecessor-version":[{"id":5139,"href":"https:\/\/portaljandira.com.br\/site\/wp-json\/wp\/v2\/pages\/656\/revisions\/5139"}],"wp:attachment":[{"href":"https:\/\/portaljandira.com.br\/site\/wp-json\/wp\/v2\/media?parent=656"}],"curies":[{"name":"wp","href":"https:\/\/api.w.org\/{rel}","templated":true}]}}